e the remainder when 26452 is divided by 492.
376
What is the remainder when 72823 is divided by 602?
583
What is the remainder when 33442 is divided by 1668?
82
What is the remainder when 178091 is divided by 194?
193
Calculate the remainder when 135165 is divided by 35.
30
What is the remainder when 11335 is divided by 81?
76
What is the remainder when 1986562 is divided by 38?
36
What is the remainder when 39681 is divided by 19832?
17
Calculate the remainder when 17653 is divided by 107.
105
Calculate the remainder when 1586974 is divided by 13.
12
Calculate the remainder when 60594 is divided by 124.
82
What is the remainder when 1375 is divided by 794?
581
Calculate the remainder when 5276 is divided by 188.
12
What is the remainder when 9806 is divided by 94?
30
Calculate the remainder when 75231 is divided by 3132.
63
What is the remainder when 17201 is divided by 399?
44
What is the remainder when 5598623 is divided by 348?
347
Calculate the remainder when 6578 is divided by 6569.
9
What is the remainder when 19357 is divided by 858?
481
Calculate the remainder when 2371 is divided by 629.
484
What is the remainder when 2727 is divided by 929?
869
Calculate the remainder when 15088 is divided by 384.
112
What is the remainder when 13624 is divided by 6812?
0
What is the remainder when 25889 is divided by 25887?
2
Calculate the remainder when 25417 is divided by 187.
172
Calculate the remainder when 1671 is divided by 96.
39
Calculate the remainder when 1157 is divided by 14.
9
What is the remainder when 5484 is divided by 12?
0
What is the remainder when 24656 is divided by 7860?
1076
Calculate the remainder when 288775 is divided by 2831.
13
What is the remainder when 3925 is divided by 135?
10
Calculate the remainder when 50002 is divided by 12.
10
What is the remainder when 35502 is divided by 141?
111
Calculate the remainder when 40779 is divided by 817.
746
What is the remainder when 15127 is divided by 434?
371
What is the remainder when 38205 is divided by 146?
99
What is the remainder when 44889 is divided by 134?
133
What is the remainder when 3483 is divided by 1126?
105
What is the remainder when 38593 is divided by 424?
9
What is the remainder when 51592 is divided by 27?
22
Calculate the remainder when 32123 is divided by 342.
317
Calculate the remainder when 708473 is divided by 62.
61
What is the remainder when 19901 is divided by 13?
11
What is the remainder when 12899 is divided by 10?
9
What is the remainder when 60006 is divided by 13?
11
Calculate the remainder when 5966 is divided by 51.
50
Calculate the remainder when 26617 is divided by 84.
73
What is the remainder when 45223 is divided by 257?
248
What is the remainder when 18933 is divided by 24?
21
What is the remainder when 2023 is divided by 495?
43
Calculate the remainder when 19263 is divided by 214.
3
What is the remainder when 16100 is divided by 462?
392
What is the remainder when 1753 is divided by 1738?
15
What is the remainder when 26855 is divided by 170?
165
What is the remainder when 231696 is divided by 23?
17
Calculate the remainder when 74340 is divided by 767.
708
What is the remainder when 8195416 is divided by 486?
484
Calculate the remainder when 284443 is divided by 135.
133
Calculate the remainder when 52390 is divided by 62.
0
What is the remainder when 10335 is divided by 5161?
13
Calculate the remainder when 2582 is divided by 45.
17
Calculate the remainder when 21425 is divided by 212.
13
What is the remainder when 44131 is divided by 11028?
19
What is the remainder when 284481 is divided by 193?
192
What is the remainder when 5269 is divided by 327?
37
What is the remainder when 4803 is divided by 4475?
328
What is the remainder when 12069834 is divided by 251?
248
Calculate the remainder when 134991 is divided by 49.
45
Calculate the remainder when 45312 is divided by 133.
92
Calculate the remainder when 1771030 is divided by 885512.
6
Calculate the remainder when 4565 is divided by 268.
9
What is the remainder when 3715 is divided by 927?
7
Calculate the remainder when 6331 is divided by 869.
248
What is the remainder when 6580 is divided by 158?
102
Calculate the remainder when 19645 is divided by 379.
316
Calculate the remainder when 9017 is divided by 50.
17
What is the remainder when 4870 is divided by 376?
358
Calculate the remainder when 23322 is divided by 162.
156
What is the remainder when 151275 is divided by 6?
3
What is the remainder when 5812 is divided by 578?
32
Calculate the remainder when 7816 is divided by 1927.
108
Calculate the remainder when 7893 is divided by 12.
9
Calculate the remainder when 2296 is divided by 17.
1
Calculate the remainder when 308607 is divided by 7.
5
Calculate the remainder when 244 is divided by 232.
12
What is the remainder when 1208 is divided by 939?
269
What is the remainder when 5768 is divided by 41?
28
Calculate the remainder when 204321 is divided by 283.
278
What is the remainder when 166270 is divided by 121?
16
What is the remainder when 89340 is divided by 101?
56
Calculate the remainder when 10467 is divided by 3484.
15
Calculate the remainder when 2980 is divided by 590.
30
Calculate the remainder when 11673 is divided by 81.
9
Calculate the remainder when 138869 is divided by 237.
224
What is the remainder when 1305 is divided by 116?
29
Calculate the remainder when 15197 is divided by 1621.
608
Calculate the remainder when 28462 is divided by 5681.
57
What is the remainder when 3039 is divided by 982?
93
What is the remainder when 2082 is divided by 859?
364
What is the remainder when 2932477 is divided by 1559?
1557
Calculate the remainder when 137 is divided by 24.
17
What is the remainder when 2425624 is divided by 162?
160
Calculate the remainder when 9605 is divided by 480.
5
What is the remainder when 289 is divided by 53?
24
What is the remainder when 4113 is divided by 1112?
777
Calculate the remainder when 1635137 is divided by 190.
187
Calculate the remainder when 2796 is divided by 190.
136
What is the remainder when 5151 is divided by 1285?
11
Calculate the remainder when 23864 is divided by 132.
104
Calculate the remainder when 46106 is divided by 5756.
58
What is the remainder when 24689 is divided by 52?
41
Calculate the remainder when 36660 is divided by 53.
37
What is the remainder when 3071 is divided by 59?
3
Calculate the remainder when 205894 is divided by 22877.
1
What is the remainder when 881 is divided by 62?
13
Calculate the remainder when 54848 is divided by 177.
155
What is the remainder when 28297 is divided by 249?
160
Calculate the remainder when 2027 is divided by 103.
70
What is the remainder when 388944 is divided by 129645?
9
What is the remainder when 86541 is divided by 5?
1
Calculate the remainder when 49945 is divided by 2486.
225
What is the remainder when 1315 is divided by 56?
27
Calculate the remainder when 1258 is divided by 143.
114
What is the remainder when 14906 is divided by 363?
23
What is the remainder when 352 is divided by 2?
0
What is the remainder when 1118 is divided by 279?
2
What is the remainder when 1011515 is divided by 194?
193
Calculate the remainder when 26840 is divided by 169.
138
What is the remainder when 84622 is divided by 84621?
1
Calculate the remainder when 881 is divided by 174.
11
What is the remainder when 8755 is divided by 2918?
1
Calculate the remainder when 14796 is divided by 4.
0
Calculate the remainder when 844 is divided by 165.
19
What is the remainder when 2202 is divided by 202?
182
Calculate the remainder when 17297 is divided by 618.
611
Calculate the remainder when 2660 is divided by 1121.
418
Calculate the remainder when 99395 is divided by 12.
11
What is the remainder when 1425 is divided by 542?
341
What is the remainder when 2838 is divided by 490?
388
Calculate the remainder when 17858 is divided by 2226.
50
Calculate the remainder when 947482 is divided by 45118.
4
What is the remainder when 610 is divided by 226?
158
What is the remainder when 31025 is divided by 7?
1
What is the remainder when 5565 is divided by 819?
651
Calculate the remainder when 121 is divided by 47.
27
What is the remainder when 5876 is divided by 112?
52
What is the remainder when 47001 is divided